647 (base 16) in base 9?
805864
What is 36858a (base 12) in base 3?
1122222202121
10220120202 (base 3) to base 4
102302222
-550316 (base 8) to base 9
-311108
Convert -100011011110100100 (base 2) to base 7.
-1143443
Convert 1939 (base 16) to base 5.
201312
What is 302032202 (base 4) in base 13?
72845
What is 112002111200 (base 3) in base 9?
462450
-4857073 (base 10) to base 12
-1762981
Convert 10100331 (base 5) to base 12.
3b0a5
What is -10011000111001 (base 2) in base 13?
-45b9
What is -11000100010011110 (base 2) in base 3?
-12002212121
Convert -b22bb (base 14) to base 3.
-210202221212
What is 24582 (base 16) in base 2?
100100010110000010
Convert 124165 (base 9) to base 11.
51579
Convert 120243411 (base 5) to base 10.
556106
What is -256471 (base 11) in base 2?
-1100010100110001111
Convert -15d4e (base 15) to base 16.
-11363
22001100112200 (base 3) to base 7
51235536
Convert -1220110101101 (base 3) to base 7.
-11415643
Convert 1b7150 (base 13) to base 14.
1436cd
165920 (base 14) to base 12
319734
Convert 563 (base 7) to base 16.
122
Convert 10259 (base 11) to base 14.
5639
-6859f (base 16) to base 14
-b1aa3
What is -2022101002 (base 3) in base 12?
-22392
19247 (base 12) to base 15
acc1
-1324051 (base 9) to base 4
-2300323000
What is -40000034 (base 5) in base 10?
-312519
What is 58907 (base 14) in base 9?
358021
-f53be (base 16) to base 14
-1c20c6
Convert 3140220 (base 6) to base 3.
21202220010
-1001110010011000 (base 2) to base 16
-9c98
Convert 645d4 (base 15) to base 13.
b2009
5a904 (base 12) to base 13
43858
What is -1100000100111000011 (base 2) in base 5?
-100130330
-1000121120200120 (base 3) to base 7
-235511022
What is 1130382 (base 12) in base 10?
3297554
What is -1004002 (base 5) in base 14?
-5c3d
Convert 1110111110101110 (base 2) to base 7.
343613
2161220 (base 7) to base 10
266966
-6099c (base 16) to base 10
-395676
Convert -111320023 (base 4) to base 13.
-31a32
Convert 654994 (base 11) to base 7.
11614433
What is 856188 (base 9) in base 8?
1743444
-25007572 (base 8) to base 3
-101100212220112
What is -d1a9 (base 15) in base 3?
-2020201020
2119239 (base 11) to base 13
a0834c
31122233202 (base 4) to base 10
3517410
What is -25224423 (base 6) in base 10?
-812319
Convert 28b4da (base 16) to base 12.
a879b6
Convert -313639 (base 11) to base 14.
-d120b
10461 (base 9) to base 12
4024
-1acb863 (base 13) to base 5
-4240024241
What is 10110010111010001 (base 2) in base 5?
10412401
Convert -3856072 (base 9) to base 5.
-1014311314
What is -547127 (base 8) in base 7?
-1364065
20450374 (base 8) to base 13
b92280
What is -2041213 (base 8) in base 4?
-2010022023
521026 (base 7) to base 8
256160
What is -1ee85 (base 16) in base 8?
-367205
-3221110 (base 6) to base 5
-20031440
What is 155526 (base 7) in base 8?
74110
What is 32003221 (base 4) in base 6?
1122321
What is -323542 (base 6) in base 16?
-6896
-68de7 (base 15) to base 5
-41141032
Convert 665453 (base 7) to base 2.
11100100111001101
What is 300160 (base 8) in base 13?
35a46
-10011000001101011 (base 2) to base 9
-127810
Convert 230984 (base 14) to base 16.
123348
-65367443 (base 8) to base 10
-14020387
-101100111111011001 (base 2) to base 12
-8a789
What is -110101110101001011000111 (base 2) in base 5?
-12103031211
Convert -110100011010001000100 (base 2) to base 9.
-3206638
-1010223313 (base 5) to base 8
-7616650
-104440523 (base 6) to base 5
-441341343
10110220111 (base 3) to base 6
1244534
What is 47281 (base 12) in base 13?
34585
What is 113110020 (base 5) in base 11?
325249
Convert -12111101012102 (base 3) to base 11.
-1715259
112205 (base 11) to base 10
178601
What is 228e9 (base 15) in base 16?
1adc3
29ebee (base 15) to base 4
13232032010
What is -98efff (base 16) in base 5?
-10031213121
What is -314527 (base 8) in base 15?
-210b1
What is 5797177 (base 10) in base 6?
324130441
Convert 3211222411 (base 5) to base 14.
c7711d
What is -11136068 (base 9) in base 4?
-110211301022
-2022333 (base 4) to base 13
-4083
Convert 111100101101000010011 (base 2) to base 6.
110344551
Convert 250584 (base 10) to base 3.
110201201220
-12333311101 (base 4) to base 3
-10110012012211
-142433041 (base 5) to base 16
-b6e5a
21103002 (base 4) to base 8
112302
-744c6 (base 15) to base 4
-1122011001
What is b44891 (base 12) in base 5?
1211001034
Convert 22770c (base 16) to base 7.
25125063
-21133211003 (base 4) to base 9
-4612688
Convert -1141000 (base 5) to base 11.
-15072
Convert -6716412 (base 9) to base 2.
-1101110010001001001011
What is -39046a (base 11) in base 5?
-124143412
10120121012 (base 3) to base 12
34905
Convert -26152312 (base 7) to base 13.
-655657
-102101101011 (base 3) to base 16
-36b4d
Convert 281341 (base 10) to base 7.
2251144
Convert -211221302 (base 4) to base 10.
-154226
1506105 (base 7) to base 11
12a12a
What is 2ba23 (base 15) in base 11?
96751
Convert -224000121 (base 5) to base 7.
-11333362
Convert -54632 (base 9) to base 12.
-18b78
What is 100404123 (base 5) in base 13?
111970
Convert -2030320313 (base 4) to base 12.
-239b5b
-209707 (base 15) to base 14
-2c51ab
What is -335136 (base 7) in base 6?
-1135023
What is -496269 (base 13) in base 3?
-10022012112200
Convert -604524 (base 7) to base 2.
-11001000001001101
152a49 (base 11) to base 10
238181
What is -20503823 (base 9) in base 10?
-9864039
-10272b7 (base 16) to base 2
-1000000100111001010110111
What is -22033102 (base 7) in base 8?
-7154553
What is -3044224 (base 5) in base 15?
-ebe4
What is 43133044 (base 5) in base 7?
3046324
What is -3470a4a (base 12) in base 10?
-10099930
Convert 121301331 (base 6) to base 15.
3095ca
What is -245213 (base 9) in base 5?
-14220121
132929 (base 10) to base 14
3662d
Convert -1cbaaa (base 14) to base 11.
-644763
1101110101010101 (base 2) to base 9
85646
What is 2002221022102 (base 3) in base 9?
2087272
Convert 222769 (base 12) to base 16.
84bc1
Convert -69e65 (base 16) to base 13.
-122587
c10dc (base 16) to base 12
321738
What is -753a1 (base 12) in base 14?
-40369
What is -440952 (base 11) in base 5?
-140011124
-101001100001001111011 (base 2) to base 8
-5141173
Convert -142114435 (base 6) to base 3.
-12110110212012
Convert 104405 (base 9) to base 7.
346421
What is -64970 (base 15) in base 14?
-8456c
1646436 (base 7) to base 16
383e8
d26ea1 (base 15) to base 6
554132524
Convert -30031134 (base 6) to base 11.
-5270a6
What is -211021210 (base 3) in base 6?
-203120
Convert -869007 (base 15) to base 10.
-6409132
What is -5882f (base 16) in base 15?
-72648
Convert -7428b (base 12) to base 7.
-1203326
Convert 1828124 (base 13) to base 6.
440420402
Convert 1540541 (base 8) to base 12.
194255
What is 112202310011 (base 4) in base 3?
102010020200012
What is -2111120101 (base 3) in base 7?
-263416
Convert 85534 (base 13) to base 8.
725351
Convert -10100100101011101 (base 2) to base 8.
-244535
What is 300201314 (base 5) in base 14?
2295ca
Convert 504046 (base 8) to base 14.
4467c
Convert a61489 (base 12) to base 3.
11220212022020
What is -6256053 (base 9) in base 5?
-1324001341
Convert 3203210 (base 8) to base 10.
853640
Convert 34b44a1 (base 12) to base 16.
9b78b9
Convert 146371 (base 10) to base 13.
51814
1026626 (base 7) to base 5
12443243
23313310 (base 7) to base 8
7653626
Convert 104141204 (base 5) to base 7.
3620662
Convert -11261879 (base 10) to base 16.
-abd7b7
What is -65a792 (base 13) in base 3?
-11111121201120
-315303 (base 7) to base 3
-2210000110
-3847b (base 12) to base 8
-225637
What is -441003100 (base 5) in base 7?
-22034123
Convert -1033014454 (base 6) to base 4.
-222030021202
What is -745503 (base 9) in base 6?
-13301520
What is 534032 (base 6) in base 9?
65782
Convert 33223044 (base 9) to base 12.
5473771
Convert -332c9c (base 13) to base 8.
-4463541
Convert 1022211000000 (base 3) to base 8.
2540657
-4426ed (base 15) to base 8
-14310303
What is 738560 (base 10) in base 15?
e8c75
What is -425e61 (base 16) in base 7?
-51653603
What is 10a349 (base 14) in base 2?
10001010001010011101
What is 1403144 (base 6) in base 9?
128571
What is -215bd6d (base 14) in base 13?
-337c71c
Convert 4940482 (base 10) to base 4.
102312023002
Convert 12010002022 (base 3) to base 16.
18938
56654 (base 8) to base 6
303004
Convert 100001110101111011110 (base 2) to base 11.
6981a4
30770034 (base 9) to base 14
1d76